culate the highest common divisor of i and m.
9
Let k = 8 - 3. Suppose 0*a + a + 3*w + 4 = 0, -5*a = k*w. Suppose 27 = s + a*s. Calculate the highest common divisor of s and 63.
9
Suppose 4*j - d = -2*d + 177, 5*d + 39 = j. What is the greatest common factor of j and 11?
11
Suppose 4*s + 61 = 5*s - 3*y, 2*y + 6 = 0. Calculate the greatest common factor of 13 and s.
13
Suppose l + 3*l - 105 = 3*m, -3*l - 5*m + 86 = 0. Let g be 4/(-10) + l/5. What is the greatest common factor of 40 and g?
5
Let j be 37/7 + 4/(-14). Let l be 100 + 0/(2 - j). Let a = 101 + -61. Calculate the highest common divisor of l and a.
20
Let c(h) = 3*h + 9. Let k be c(-9). Let s = k + 33. What is the greatest common divisor of 75 and s?
15
Let h be (-58)/(-6) + 1/3. What is the highest common factor of 15 and h?
5
Let c be (-20)/((3 - 2)*(1 + -2)). Calculate the greatest common divisor of c and 8.
4
Suppose 3 = -3*z, -26 = -2*a - 3*z + z. Let m(b) = -b**2 - 7*b + 58. Let w be m(-11). What is the greatest common divisor of w and a?
14
Let x be 18 - ((-3 - -1) + 4). Calculate the greatest common factor of x and 112.
16
Suppose -14 = 4*u - 34. What is the greatest common factor of u and 2?
1
Suppose s - 128 = t, -2*s - t - 11 = -273. Let c(z) = -z**2 - 12*z - 1. Let g be c(-9). What is the highest common factor of g and s?
26
Let r = -2 + 13. Calculate the greatest common divisor of r and 11.
11
Let x(y) = 4*y - 11. Let b be x(3). What is the greatest common divisor of 8 and b?
1
Let u be 2523/6 + 4/(-8). Suppose 8*z - u = 3*z. Calculate the highest common divisor of z and 12.
12
Let x be (-1 + 4)/(6/854). What is the highest common factor of x and 61?
61
Suppose 0 = 7*j - j - 24. Calculate the greatest common factor of 3 and j.
1
Suppose 0 = 3*u + 4 + 2. Let s be (u/(-4))/(2/20). Let i(w) = w. Let j be i(s). What is the greatest common divisor of j and 35?
5
Suppose 11 = 2*o - 2*r + 1, 5*o + 3*r = 9. Suppose 0 = -4*u + o*u + 4. Calculate the highest common factor of 8 and u.
4
Suppose 4*a - 4*f - 32 = 0, 2*a + 4*f + 8 = 3*a. What is the greatest common factor of 8 and a?
8
Suppose -x = -5*k + 122, -2*x + 42 = k + 11. Suppose -5*d = 4*q - 46, 2*d - 6*q = -q + k. Calculate the greatest common factor of 110 and d.
10
Let i(b) = -b**3 + b**2 + 4*b + 3. Let r be i(-3). Let p = -13 - -5. Let o = p + 17. Calculate the highest common divisor of r and o.
9
Suppose 8*j = 3*j - 10. Let n be j/(-2) + 4 + 0. What is the highest common factor of n and 2?
1
Let i be (-95)/(-1) + (7 - 3). Calculate the greatest common factor of 11 and i.
11
Let z(h) be the second derivative of -h**3/2 - 6*h**2 - h. Let n be z(-8). What is the highest common divisor of n and 4?
4
Let n(f) = f**2 - 34*f + 65. Let a be n(33). What is the highest common divisor of 64 and a?
32
Let c(g) = -3*g - 25. Let b be c(-10). What is the highest common divisor of 55 and b?
5
Suppose 0 = -0*i - i + 5. Suppose 14 - 4 = i*s. Calculate the highest common factor of 6 and s.
2
Let v(l) = -48*l + 61 + 4 + 47*l. Suppose 4*q = -q. Let u be v(q). Calculate the highest common divisor of 26 and u.
13
Let j = 16 - 7. Let r be 3*(3/3)/(-3). Let u(g) = 2*g**2 + 1. Let n be u(r). Calculate the highest common divisor of n and j.
3
Suppose -7*u + 15 = -2*u, -12 = -3*c + u. Suppose -c*d + 92 = 17. What is the greatest common factor of 5 and d?
5
Let q(a) = a**2 + a - 7. Let g be q(4). What is the greatest common divisor of g and 13?
13
Let l = -43 - -55. Calculate the greatest common factor of l and 132.
12
Suppose 0 = 3*a + 30 - 156. Let j be 3*-2*1/(-6). Let k be -7*(-1 + -1 - j). What is the highest common divisor of a and k?
21
Suppose g + 4*k = 12, -2*g - k - 4*k = -15. Suppose -b = -g*b + 5*y - 22, b - 4*y = 4. What is the greatest common divisor of b and 24?
12
Suppose 153 = 5*d - 477. Let q be 6*(0 - 32) - 0. Let o be (-4)/(-14) + q/(-14). What is the greatest common factor of d and o?
14
Let l(g) = 5*g - 7. Suppose 2*j + j - 8 = -4*r, -5*j = 5*r - 5. Let q be l(r). Let f = 57 - -105. Calculate the highest common factor of q and f.
18
Let m(o) = o**2 - 4*o + 2. Let g be 3/(-1 - 11/(-8)). Let a be m(g). Calculate the highest common factor of 17 and a.
17
Let u be -10*(-3 + 27/15). Let c = 17 - u. Calculate the greatest common divisor of 40 and c.
5
Let s(r) be the first derivative of -r**4/4 - 2*r**3/3 + 2*r**2 + r - 6. Let y be s(-5). What is the highest common factor of y and 14?
14
Let x(j) = -11*j**3 - 4*j**2 - 3*j - 2. Let d be x(-2). Calculate the highest common divisor of 19 and d.
19
Suppose -3*p + 69 = -2*t - t, -29 = -p - 2*t. What is the greatest common factor of 125 and p?
25
Let d = 41 - 20. Suppose w + w = 0. Suppose 2*g + 0 + 2 = w, -g = -4*t + 57. Calculate the greatest common divisor of t and d.
7
Let a = -23 + 39. Suppose -j + 4*o = 6, -a = -3*j - o + 5. What is the greatest common divisor of j and 66?
6
Suppose 0 = -z + 2*p + 323, -360 = -4*z - 5*p + 997. Suppose z = 5*m - 147. What is the greatest common factor of m and 12?
12
Suppose 3*f - f - 162 = 0. Calculate the greatest common divisor of 9 and f.
9
Let z = -4 - -5. Let y = -4 + z. Let o = y - -4. What is the highest common factor of o and 3?
1
Suppose -18 = -3*s + 24. Suppose 3*o - 383 = -4*h, -h - 3*o = -62 - 27. Calculate the greatest common factor of s and h.
14
Let o(z) = -z**3 + 3*z**2 - z - 2. Let c be o(-3). Calculate the highest common factor of 5 and c.
5
Let y = -81 - -195. Calculate the greatest common divisor of 19 and y.
19
Suppose 0 = 10*a - 4*a - 192. What is the highest common factor of 32 and a?
32
Let m be 6/(-4)*(-60)/9. Suppose -2*f = -4*f + m. What is the highest common factor of 1 and f?
1
Let n(b) = b**2 - 5*b + 2. Let h be n(3). Let y be 4/(-8) - 882/h. What is the greatest common divisor of 20 and y?
20
Suppose 5*l + 21 = m - 8, 5*l + 33 = 2*m. What is the greatest common factor of m and 12?
4
Let c(j) = j**2 + 2*j - 5. Let p be c(4). Let k be (6/(-7))/((-1)/(-7)). Let a = k + p. What is the highest common divisor of 65 and a?
13
Suppose 0*x - x + 50 = 0. Calculate the highest common divisor of x and 125.
25
Suppose 360 - 954 = -6*g. What is the greatest common factor of 9 and g?
9
Let x(v) = 2*v**2 - 9*v + 4. Suppose k - 3*u + 38 = 0, -k = 4*u + 6 + 4. Let l = -18 - k. Let y be x(l). Calculate the highest common factor of 24 and y.
12
Suppose p = -4*p + 75. Calculate the greatest common divisor of 240 and p.
15
Suppose -3*y + 5*f + 16 = -499, -3*y - 4*f + 533 = 0. Calculate the highest common divisor of 25 and y.
25
Suppose -3*u + 4*r + 40 + 82 = 0, r - 188 = -5*u. Suppose 2*g = u + 32. Let d = 61 - g. What is the greatest common factor of 104 and d?
26
Suppose -11*u + 7*u + 48 = 0. Calculate the highest common divisor of u and 96.
12
Let m = -46 - -135. Let o = m + -54. Calculate the highest common divisor of 14 and o.
7
Suppose -3*d - l = 8, -3*d - 5*l + 14 - 6 = 0. Let g be 1 + (57 - d/2). Calculate the greatest common divisor of 12 and g.
12
Let i(q) = q + 4*q - 3*q. Let o be i(2). Calculate the highest common divisor of 1 and o.
1
Let s be (-1 - (5 - 3)) + -3. Let q be 3 - 16/(s/3). What is the greatest common factor of q and 44?
11
Suppose 3 = m + 2*m. Suppose i - m = 1. What is the greatest common divisor of 8 and i?
2
Suppose 3*x = -b - x - 28, 0 = 4*b - 5*x + 28. Let j be 82*1 + (-24)/b. Calculate the greatest common divisor of j and 28.
28
Let g = 33 - -23. Calculate the greatest common factor of g and 84.
28
Suppose 3*y + 8 = y, -14 = -2*l - 3*y. What is the greatest common factor of 104 and l?
13
Let l = 114 - 104. What is the greatest common factor of 45 and l?
5
Let s be 12*1/(-4)*-2. Let t = -91 - -130. Suppose -t = -5*v + s. Calculate the highest common divisor of v and 1.
1
Let h be (1/(-1))/1 - -19. Let j = 0 - -16. Suppose -j = 4*r, -5*r - 16 - 49 = -5*t. What is the highest common divisor of t and h?
9
Let q(n) be the second derivative of -n**5/20 - 5*n**4/12 - n**3 - n**2 - n. Let x be q(-4). What is the highest common factor of 3 and x?
3
Let z(b) = b**2 + 6*b - 3. Let q be z(4). Let s = q - 17. What is the highest common factor of 10 and s?
10
Let i = 68 + -56. Calculate the highest common factor of 12 and i.
12
Suppose -5*b + 207 + 288 = 5*s, -3*b = 0. What is the highest common factor of 9 and s?
9
Sup